 c.
3
Let w be 4/2*(44 + 0). Suppose 3*q = -3*o + 21, -2*o = -q - 0*q - 26. What is the greatest common factor of w and o?
11
Let w(v) = -7 + 4*v + 8*v**2 + 15 - 10. Let a be w(-2). What is the highest common factor of 33 and a?
11
Suppose 5*c - 16 = 9. Suppose -3 + c = p - 4*w, 10 = -5*w. Let i be (-2)/(0 + 4/p). What is the highest common factor of 3 and i?
3
Let j be (-2 - 0) + 20 + -1. Suppose 2*t + 2*o - 302 = 0, -4*t + 7*t = 4*o + 467. Calculate the greatest common factor of j and t.
17
Suppose -2*y + 255 = -q, 2*y - 177 - 83 = 2*q. Let m = -105 + y. Calculate the greatest common factor of m and 140.
20
Suppose 24*r - 23*r = -c + 657, 0 = -9*c - 27. Calculate the highest common factor of 924 and r.
132
Suppose 2*u = 2*q + 14, -11 = -u + 142*q - 139*q. Let t(b) = b**2 + 3*b + 1. Let k be t(-4). What is the greatest common divisor of k and u?
5
Let h be 1 + 0 + 0 - -2. Suppose -96 = -64*m + 60*m. Suppose -10*o + 9*o + m = 0. Calculate the greatest common divisor of o and h.
3
Suppose 225*i - 234*i + 144 = 0. What is the greatest common factor of i and 128?
16
Let v(y) = -y**3 - 7*y**2 - 2*y - 11. Let p(r) = -r**3 - 8*r**2 - 4*r + 14. Let n be p(-7). Let l be v(n). Calculate the highest common divisor of 24 and l.
3
Suppose 22*a + 3467 - 26347 = 0. Calculate the highest common divisor of a and 40.
40
Let m(j) = 1157*j - 3. Let t be m(1). Suppose -9*z + 547 = -t. Let v = 69 + -48. Calculate the highest common divisor of z and v.
21
Let c = -33 + 36. Suppose 0 = 4*a - 2*a + 8, 84 = 3*v - c*a. Calculate the greatest common divisor of 60 and v.
12
Let a = -25 - -18. Let d(u) = u - 4. Let p be d(a). Let i be (7 - p) + (-1 - 0). What is the greatest common factor of i and 85?
17
Suppose -2*t - 5*u = -35, 5*t + 3*u - 122 = 2*u. What is the greatest common factor of t and 25?
25
Let w(b) = -b**2 + b - 8. Let a be w(0). Let u = 18 - a. Suppose 0 = -0*z - 2*z + 78. What is the highest common divisor of z and u?
13
Suppose 27*q = 5*q + 132. Calculate the greatest common divisor of 78 and q.
6
Let m = 3 + -3. Suppose m = 10*g - 9*g - 77. Let s = 33 + -22. Calculate the highest common factor of g and s.
11
Suppose -2*k - 3*o = -652, -10*k + 4*o + 1653 = -5*k. Calculate the highest common divisor of 94 and k.
47
Let t be (-7018)/(-10) + 7*84/490. What is the highest common divisor of 19 and t?
19
Let j be (-5)/(1 + 7/(-2)). Let m(s) = -s**2 + 8. Let z be m(0). What is the greatest common divisor of j and z?
2
Let t(s) = 3*s**3 + 2*s**2 + 2*s - 3. Let g be t(1). Calculate the greatest common factor of 6 and g.
2
Suppose -5*d + 77 = 5*y - 8, 0 = -3*d + 15. Let z be -4 + 51/y - 203/(-4). Calculate the greatest common divisor of z and 34.
17
Let p be (-135)/(((-5)/25)/((-1)/(-3))). Calculate the highest common factor of 36 and p.
9
Let v be -2*5/(-3 - 2). Suppose -23 = -2*b - 3*r, 0 = r + v*r - 15. Calculate the highest common factor of 20 and b.
4
Suppose 0 = 42*h - 38*h + 3*v - 1014, -4*h + 1030 = -5*v. What is the greatest common divisor of h and 60?
15
Let s(a) = a**3 - a + 3. Let j be s(0). Suppose 2*u + j*d - 44 = 0, -3*u + 41 = -d - 14. Suppose 4*n - n = 57. Calculate the greatest common divisor of n and u.
19
Suppose 17 = -q + 4*q + 5*c, -3*c = 2*q - 10. Let v = q + 17. What is the highest common factor of v and 40?
8
Let l be (-160)/(8/(-8))*18/4. What is the highest common divisor of l and 45?
45
Let d(u) = 20*u + 25. Let v be d(3). Let m be 3 - 6*-5 - -1. Calculate the highest common divisor of m and v.
17
Suppose -3*p - 35 = -q - 114, 0 = p + 2*q - 38. Suppose -m = -17 - 26. Let f be (5 - 6) + m*1. Calculate the greatest common divisor of p and f.
14
Let x be -9 - 9/((-9)/3). Let b be (2/x)/(8/(-936)). Let h = b - 26. Calculate the highest common divisor of 13 and h.
13
Let b(p) = -10*p - 532. Let n be b(-56). What is the highest common divisor of 1204 and n?
28
Let l = 51 - 47. Suppose 4*w - 60 = -l*r, -r + 3*w = -w - 40. What is the greatest common divisor of r and 50?
10
Suppose 5*g + 5 - 40 = 4*w, 0 = 4*w + 20. Let t = 34 - -64. Suppose 4*y - t = g*y. What is the highest common factor of 14 and y?
14
Suppose 0 = -4*r + 3*m + 87, -4*r - 10*m + 108 = -6*m. Calculate the highest common factor of r and 564.
12
Suppose g + i + 4*i - 36 = 0, 60 = 3*g + 3*i. What is the highest common factor of 176 and g?
16
Suppose 1181*w - 55 = 1180*w. Let g be 15*-3*2/(-18). What is the highest common divisor of g and w?
5
Let w(l) = -61*l + 69. Let d be w(-3). Calculate the greatest common factor of d and 168.
84
Suppose -5*k - 1 = 4*b - 7, 2*b = 5*k - 12. Let h be (2 - 0) + 2*k. Let r be 270/9*8/5. What is the greatest common divisor of r and h?
6
Suppose 2*g + 4*d - 30 = 0, 5*g + 0*d - 150 = 5*d. Suppose 5*a = -0*a - g. Let m be (6/a)/((-4)/120). Calculate the greatest common factor of 12 and m.
12
Let z = -46 + 46. Suppose -3*g + g = 4*c - 86, z = 3*c - 2*g - 47. What is the highest common factor of 171 and c?
19
Suppose -18 = t + t + 2*p, t - 4*p = -34. Let v be (-2 - t)/((-6)/(-8)). Let g be v/(-20)*(2 + -52). Calculate the highest common divisor of 16 and g.
8
Let w = 15 + -15. Suppose -4*b - 5*f + 70 = w, 4*f + 72 + 16 = 4*b. Calculate the greatest common factor of 4 and b.
4
Suppose 7*x - 6*x + 2*z - 37 = 0, 15 = -3*z. What is the highest common divisor of 47 and x?
47
Suppose 1280 = 11*p - p. Calculate the greatest common factor of 96 and p.
32
Let w(m) = -9*m - 8. Let z be w(-4). Let h be 3/(2 - -7) - (-753)/9. Calculate the greatest common factor of z and h.
28
Suppose 3*k + 643 = 5*y, y + 3*k - 52 = 73. What is the highest common factor of y and 40?
8
Let j be (-24)/(-84) + (-52)/(-14). Suppose -5*g = -3*k + 13, -j*k + 3*g = g - 22. Calculate the greatest common factor of k and 48.
6
Let u = 2997 - 2988. Calculate the greatest common factor of u and 45.
9
Let x(v) = v**3 - 4*v**2 + 3*v. Let l be x(3). Suppose l = -3*s + 20 + 4. Suppose 3*t = -2*t + 40. What is the highest common divisor of t and s?
8
Let q be (-1)/(1464/210 - 7). What is the highest common divisor of q and 21?
7
Suppose 0 = 3*r - 489 + 138. Calculate the highest common factor of r and 663.
39
Suppose 5*u = 3*k - 228, -5*u = -9*u + 12. What is the highest common factor of 6 and k?
3
Let r be 1 - 4/(2/(-1)). Let m = r + 6. Suppose -72 = 3*b - 7*b. Calculate the highest common divisor of b and m.
9
Suppose 5*d = 3*x + 148, -3*d + 86 = x - 0*x. Let b = 32 - d. Let z(m) = -m + 11. Let c be z(8). What is the highest common factor of b and c?
3
Let r be -9 + (1268 - (-9 - -18)). Calculate the highest common factor of r and 50.
50
Let k be 13/2 + 1/(-2). Let l be (-222)/(-36) - (-2)/(-12). What is the greatest common factor of l and k?
6
Let b be ((-2)/(2/5))/(-27 + 26). What is the greatest common factor of b and 320?
5
Let m = 22 - 6. Suppose -r + 5*r = -40. Let j(g) = g**2 + 11*g + 14. Let s be j(r). Calculate the highest common factor of s and m.
4
Suppose 10*w - 5*h - 252 = 6*w, 0 = -2*h. Let a(s) = -s + 16. Let z be a(9). Calculate the greatest common factor of z and w.
7
Let l = 95 + -89. Let f(q) = -17*q - 19. Let z be f(-5). Calculate the greatest common divisor of z and l.
6
Suppose -42 = -3*r + 4*d, 3*r + d = 93 - 51. Calculate the highest common divisor of r and 7.
7
Let z = 69 + -117. Let y = 78 + z. What is the greatest common divisor of y and 45?
15
Let x be (-6)/(-14) + (-66)/(-42). Let q be ((-25)/10)/(x/(-4)). Suppose -3*w - 1 = -16. What is the greatest common factor of w and q?
5
Let z be -4*8/128*1*-28. Calculate the highest common factor of z and 210.
7
Suppose 3*d - 7 + 1 = 0. Suppose -d*u = 8*u - 1210. Calculate the greatest common divisor of 11 and u.
11
Let a be 4 - 1 - -4*1. Suppose -3*n + 20 = -1. Calculate the greatest common divisor of n and a.
7
Suppose 3*y = -2*b + 240, 3*b = 7*b + 5*y - 484. Let o = -90 + b. What is the highest common divisor of o and 4?
4
Suppose -5*z + x - 20 = -2*x, 4*x + 20 = 0. Let c be (-14 + z)/(6/(-8)). Calculate the greatest common divisor of c and 4.
4
Let j(a) = -a**3 - 15*a**2 - 9*a + 21. Let m be j(-15). What is the greatest common divisor of m and 13?
13
Suppose -80 = -17*m + 9*m. Calculate the greatest common divisor of 130 and m.
10
Let c(q) = 63*q**2 - 2*q - 2. Let o(b) = -b - 3. Let m be o(-2). Let y be c(m). Calculate 